CRAN Package Check Results for Package calACS

Last updated on 2022-08-13 07:11:30 CEST.

Flavor Version Tinstall Tcheck Ttotal Status Flags
r-devel-linux-x86_64-debian-clang 2.2.2 2.34 20.60 22.94 NOTE
r-devel-linux-x86_64-debian-gcc 2.2.2 1.77 16.18 17.95 NOTE
r-devel-linux-x86_64-fedora-clang 2.2.2 37.87 NOTE
r-devel-linux-x86_64-fedora-gcc 2.2.2 39.62 NOTE
r-devel-windows-x86_64 2.2.2 11.00 43.00 54.00 NOTE
r-patched-linux-x86_64 2.2.2 2.39 19.98 22.37 NOTE
r-release-linux-x86_64 2.2.2 2.25 19.93 22.18 NOTE
r-release-macos-arm64 2.2.2 14.00 NOTE
r-release-macos-x86_64 2.2.2 20.00 NOTE
r-release-windows-x86_64 2.2.2 4.00 41.00 45.00 NOTE
r-oldrel-macos-arm64 2.2.2 19.00 NOTE
r-oldrel-macos-x86_64 2.2.2 26.00 NOTE
r-oldrel-windows-ix86+x86_64 2.2.2 4.00 24.00 28.00 NOTE

Check Details

Version: 2.2.2
Check: LazyData
Result: NOTE
     'LazyData' is specified without a 'data' directory
Flavors: r-devel-linux-x86_64-debian-clang, r-devel-linux-x86_64-debian-gcc, r-devel-linux-x86_64-fedora-clang, r-devel-linux-x86_64-fedora-gcc, r-devel-windows-x86_64, r-patched-linux-x86_64, r-release-linux-x86_64, r-release-macos-arm64, r-release-macos-x86_64, r-release-windows-x86_64, r-oldrel-macos-arm64, r-oldrel-macos-x86_64, r-oldrel-windows-ix86+x86_64