CRAN Package Check Results for Package camcorder

Last updated on 2024-07-15 06:49:22 CEST.

Flavor Version Tinstall Tcheck Ttotal Status Flags
r-devel-linux-x86_64-debian-clang 0.1.0 5.72 95.10 100.82 NOTE
r-devel-linux-x86_64-debian-gcc 0.1.0 5.47 70.09 75.56 NOTE
r-devel-linux-x86_64-fedora-clang 0.1.0 132.00 NOTE
r-devel-linux-x86_64-fedora-gcc 0.1.0 141.03 NOTE
r-devel-windows-x86_64 0.1.0 8.00 93.00 101.00 NOTE
r-patched-linux-x86_64 0.1.0 6.09 87.48 93.57 NOTE
r-release-linux-x86_64 0.1.0 6.10 89.14 95.24 NOTE
r-release-macos-arm64 0.1.0 48.00 NOTE
r-release-macos-x86_64 0.1.0 75.00 NOTE
r-release-windows-x86_64 0.1.0 7.00 93.00 100.00 NOTE
r-oldrel-macos-arm64 0.1.0 49.00 OK
r-oldrel-macos-x86_64 0.1.0 71.00 OK
r-oldrel-windows-x86_64 0.1.0 11.00 109.00 120.00 OK

Check Details

Version: 0.1.0
Check: Rd files
Result: NOTE checkRd: (-1) Recording.Rd:112: Lost braces; missing escapes or markup? 112 | Stop recording images with {camcorder}. | ^ Flavors: r-devel-linux-x86_64-debian-clang, r-devel-linux-x86_64-debian-gcc, r-devel-linux-x86_64-fedora-clang, r-devel-linux-x86_64-fedora-gcc, r-devel-windows-x86_64, r-patched-linux-x86_64, r-release-linux-x86_64, r-release-macos-arm64, r-release-macos-x86_64, r-release-windows-x86_64