CRAN Package Check Results for Package cancensus

Last updated on 2021-12-05 06:48:37 CET.

Flavor Version Tinstall Tcheck Ttotal Status Flags
r-devel-linux-x86_64-debian-clang 0.4.8 5.33 63.01 68.34 OK
r-devel-linux-x86_64-debian-gcc 0.4.8 4.19 47.97 52.16 OK
r-devel-linux-x86_64-fedora-clang 0.4.8 84.68 NOTE
r-devel-linux-x86_64-fedora-gcc 0.4.8 70.26 NOTE
r-devel-windows-x86_64-new-UL 0.4.8 17.00 112.00 129.00 OK
r-devel-windows-x86_64-new-TK 0.4.8 NOTE
r-devel-windows-x86_64-old 0.4.8 10.00 66.00 76.00 OK
r-patched-linux-x86_64 0.4.8 5.67 54.36 60.03 OK
r-release-linux-x86_64 0.4.8 5.22 61.83 67.05 OK
r-release-macos-arm64 0.4.8 NOTE
r-release-macos-x86_64 0.4.8 NOTE
r-release-windows-ix86+x86_64 0.4.8 13.00 86.00 99.00 OK
r-oldrel-macos-x86_64 0.4.8 NOTE
r-oldrel-windows-ix86+x86_64 0.4.8 13.00 80.00 93.00 OK

Check Details

Version: 0.4.8
Check: data for non-ASCII characters
Result: NOTE
     Note: found 23 marked UTF-8 strings
Flavors: r-devel-linux-x86_64-fedora-clang, r-devel-linux-x86_64-fedora-gcc, r-devel-windows-x86_64-new-TK, r-release-macos-arm64, r-release-macos-x86_64, r-oldrel-macos-x86_64