CRAN Package Check Results for Package captr

Last updated on 2021-11-29 06:48:24 CET.

Flavor Version Tinstall Tcheck Ttotal Status Flags
r-devel-linux-x86_64-debian-clang 0.3.0 NOTE
r-devel-linux-x86_64-debian-gcc 0.3.0 2.28 22.33 24.61 NOTE
r-devel-linux-x86_64-fedora-clang 0.3.0 48.04 NOTE
r-devel-linux-x86_64-fedora-gcc 0.3.0 37.53 NOTE
r-devel-windows-x86_64-new-UL 0.3.0 10.00 69.00 79.00 NOTE
r-devel-windows-x86_64-new-TK 0.3.0 NOTE
r-devel-windows-x86_64-old 0.3.0 5.00 48.00 53.00 NOTE
r-patched-linux-x86_64 0.3.0 3.03 26.56 29.59 NOTE
r-patched-solaris-x86 0.3.0 57.60 NOTE
r-release-linux-x86_64 0.3.0 2.52 26.54 29.06 NOTE
r-release-macos-arm64 0.3.0 NOTE
r-release-macos-x86_64 0.3.0 NOTE
r-release-windows-ix86+x86_64 0.3.0 6.00 45.00 51.00 NOTE
r-oldrel-macos-x86_64 0.3.0 OK
r-oldrel-windows-ix86+x86_64 0.3.0 6.00 44.00 50.00 OK

Check Details

Version: 0.3.0
Check: LazyData
Result: NOTE
     'LazyData' is specified without a 'data' directory
Flavors: r-devel-linux-x86_64-debian-clang, r-devel-linux-x86_64-debian-gcc, r-devel-linux-x86_64-fedora-clang, r-devel-linux-x86_64-fedora-gcc, r-devel-windows-x86_64-new-UL, r-devel-windows-x86_64-new-TK, r-devel-windows-x86_64-old, r-patched-linux-x86_64, r-patched-solaris-x86, r-release-linux-x86_64, r-release-macos-arm64, r-release-macos-x86_64, r-release-windows-ix86+x86_64