CRAN Package Check Results for Package cartools

Last updated on 2020-08-14 06:48:50 CEST.

Flavor Version Tinstall Tcheck Ttotal Status Flags
r-devel-linux-x86_64-debian-clang 0.1.0 9.58 60.00 69.58 NOTE
r-devel-linux-x86_64-debian-gcc 0.1.0 8.09 45.36 53.45 NOTE
r-devel-linux-x86_64-fedora-clang 0.1.0 88.73 NOTE
r-devel-linux-x86_64-fedora-gcc 0.1.0 80.52 NOTE
r-devel-windows-ix86+x86_64 0.1.0 34.00 74.00 108.00 NOTE
r-patched-linux-x86_64 0.1.0 10.56 59.27 69.83 NOTE
r-patched-solaris-x86 0.1.0 109.60 NOTE
r-release-linux-x86_64 0.1.0 8.16 59.38 67.54 NOTE
r-release-macos-x86_64 0.1.0 NOTE
r-release-windows-ix86+x86_64 0.1.0 29.00 96.00 125.00 NOTE
r-oldrel-macos-x86_64 0.1.0 NOTE
r-oldrel-windows-ix86+x86_64 0.1.0 13.00 72.00 85.00 OK

Check Details

Version: 0.1.0
Check: package vignettes
Result: NOTE
    Package vignette with placeholder title 'Vignette Title':
     'cartools.Rmd'
Flavors: r-devel-linux-x86_64-debian-clang, r-devel-linux-x86_64-debian-gcc, r-devel-windows-ix86+x86_64, r-patched-linux-x86_64, r-release-linux-x86_64, r-release-windows-ix86+x86_64

Version: 0.1.0
Check: dependencies in R code
Result: NOTE
    Namespaces in Imports field not imported from:
     ‘animation’ ‘devtools’ ‘gapminder’ ‘knitr’ ‘rlist’ ‘rmarkdown’
     ‘roxygen2’ ‘sde’ ‘shiny’ ‘tidyverse’ ‘usethis’ ‘utils’
     All declared Imports should be used.
Flavors: r-devel-linux-x86_64-fedora-clang, r-devel-linux-x86_64-fedora-gcc, r-patched-solaris-x86, r-release-macos-x86_64, r-oldrel-macos-x86_64