Last updated on 2023-03-26 06:53:20 CEST.
Flavor | Version | Tinstall | Tcheck | Ttotal | Status | Flags |
---|---|---|---|---|---|---|
r-devel-linux-x86_64-debian-clang | 0.10.3 | 14.51 | 391.24 | 405.75 | OK | |
r-devel-linux-x86_64-debian-gcc | 0.10.3 | 12.45 | 282.75 | 295.20 | OK | |
r-devel-linux-x86_64-fedora-gcc | 0.10.3 | 485.87 | OK | |||
r-patched-linux-x86_64 | 0.10.3 | 17.48 | 358.50 | 375.98 | OK | |
r-release-linux-x86_64 | 0.10.3 | 14.04 | 358.26 | 372.30 | OK | |
r-release-macos-arm64 | 0.10.3 | 179.00 | NOTE | |||
r-release-macos-x86_64 | 0.10.3 | 202.00 | NOTE | |||
r-release-windows-x86_64 | 0.10.3 | 34.00 | 430.00 | 464.00 | NOTE | |
r-oldrel-macos-arm64 | 0.10.3 | 190.00 | NOTE | |||
r-oldrel-macos-x86_64 | 0.10.3 | 209.00 | NOTE | |||
r-oldrel-windows-ix86+x86_64 | 0.10.3 | 36.00 | 428.00 | 464.00 | NOTE |
Version: 0.10.3
Check: installed package size
Result: NOTE
installed size is 5.8Mb
sub-directories of 1Mb or more:
doc 4.5Mb
Flavors: r-release-macos-arm64, r-release-macos-x86_64, r-release-windows-x86_64, r-oldrel-macos-arm64, r-oldrel-macos-x86_64, r-oldrel-windows-ix86+x86_64