CRAN Package Check Results for Package casebase

Last updated on 2024-02-23 06:50:24 CET.

Flavor Version Tinstall Tcheck Ttotal Status Flags
r-devel-linux-x86_64-debian-clang 0.10.4 OK
r-devel-linux-x86_64-debian-gcc 0.10.4 11.48 285.21 296.69 OK
r-devel-linux-x86_64-fedora-clang 0.10.4 479.39 NOTE
r-devel-linux-x86_64-fedora-gcc 0.10.4 484.51 OK
r-devel-windows-x86_64 0.10.4 15.00 284.00 299.00 NOTE
r-patched-linux-x86_64 0.10.4 18.18 373.93 392.11 OK
r-release-linux-x86_64 0.10.4 11.72 371.55 383.27 OK
r-release-macos-arm64 0.10.4 167.00 NOTE
r-release-macos-x86_64 0.10.4 337.00 NOTE
r-release-windows-x86_64 0.10.4 19.00 368.00 387.00 NOTE
r-oldrel-macos-arm64 0.10.4 207.00 NOTE
r-oldrel-windows-x86_64 0.10.4 19.00 353.00 372.00 NOTE

Check Details

Version: 0.10.4
Check: installed package size
Result: NOTE installed size is 6.7Mb sub-directories of 1Mb or more: doc 5.4Mb Flavors: r-devel-linux-x86_64-fedora-clang, r-devel-windows-x86_64, r-release-macos-arm64, r-release-macos-x86_64, r-release-windows-x86_64, r-oldrel-macos-arm64, r-oldrel-windows-x86_64