Last updated on 2021-01-16 06:51:02 CET.
Flavor | Version | Tinstall | Tcheck | Ttotal | Status | Flags |
---|---|---|---|---|---|---|
r-devel-linux-x86_64-debian-clang | 1.1.2 | 3.07 | 59.66 | 62.73 | OK | |
r-devel-linux-x86_64-debian-gcc | 1.1.2 | 2.62 | 45.69 | 48.31 | OK | |
r-devel-linux-x86_64-fedora-clang | 1.1.2 | 83.21 | NOTE | |||
r-devel-linux-x86_64-fedora-gcc | 1.1.2 | 76.91 | NOTE | |||
r-devel-windows-ix86+x86_64 | 1.1.2 | 7.00 | 66.00 | 73.00 | OK | |
r-patched-linux-x86_64 | 1.1.2 | 3.29 | 57.59 | 60.88 | OK | |
r-patched-solaris-x86 | 1.1.2 | 106.00 | NOTE | |||
r-release-linux-x86_64 | 1.1.2 | 3.45 | 57.62 | 61.07 | OK | |
r-release-macos-x86_64 | 1.1.2 | NOTE | ||||
r-release-windows-ix86+x86_64 | 1.1.2 | 7.00 | 61.00 | 68.00 | OK | |
r-oldrel-macos-x86_64 | 1.1.2 | NOTE | ||||
r-oldrel-windows-ix86+x86_64 | 1.1.2 | 5.00 | 57.00 | 62.00 | OK |
Version: 1.1.2
Check: dependencies in R code
Result: NOTE
Namespace in Imports field not imported from: ‘tidyverse’
All declared Imports should be used.
Flavors: r-devel-linux-x86_64-fedora-clang, r-devel-linux-x86_64-fedora-gcc, r-patched-solaris-x86, r-release-macos-x86_64, r-oldrel-macos-x86_64