Last updated on 2023-06-03 07:03:34 CEST.
Flavor | Version | Tinstall | Tcheck | Ttotal | Status | Flags |
---|---|---|---|---|---|---|
r-devel-linux-x86_64-debian-clang | 1.0 | 159.60 | 55.23 | 214.83 | OK | |
r-devel-linux-x86_64-debian-gcc | 1.0 | 118.11 | 41.88 | 159.99 | OK | |
r-devel-linux-x86_64-fedora-clang | 1.0 | 300.51 | OK | |||
r-devel-linux-x86_64-fedora-gcc | 1.0 | 309.38 | OK | |||
r-devel-windows-x86_64 | 1.0 | 112.00 | 88.00 | 200.00 | OK | |
r-patched-linux-x86_64 | 1.0 | OK | ||||
r-release-linux-x86_64 | 1.0 | 121.95 | 52.48 | 174.43 | OK | |
r-release-macos-arm64 | 1.0 | 66.00 | NOTE | |||
r-release-macos-x86_64 | 1.0 | 120.00 | NOTE | |||
r-release-windows-x86_64 | 1.0 | 141.00 | 100.00 | 241.00 | OK | |
r-oldrel-macos-arm64 | 1.0 | 65.00 | NOTE | |||
r-oldrel-macos-x86_64 | 1.0 | 88.00 | NOTE | |||
r-oldrel-windows-x86_64 | 1.0 | 136.00 | 96.00 | 232.00 | OK |
Version: 1.0
Check: installed package size
Result: NOTE
installed size is 5.7Mb
sub-directories of 1Mb or more:
libs 5.3Mb
Flavors: r-release-macos-arm64, r-release-macos-x86_64, r-oldrel-macos-arm64, r-oldrel-macos-x86_64