Last updated on 2023-01-28 07:14:50 CET.
Flavor | Version | Tinstall | Tcheck | Ttotal | Status | Flags |
---|---|---|---|---|---|---|
r-devel-linux-x86_64-debian-clang | 0.1.2 | 121.37 | 109.18 | 230.55 | OK | |
r-devel-linux-x86_64-debian-gcc | 0.1.2 | 108.85 | 82.53 | 191.38 | NOTE | |
r-devel-linux-x86_64-fedora-clang | 0.1.2 | 332.58 | OK | |||
r-devel-linux-x86_64-fedora-gcc | 0.1.2 | 352.19 | NOTE | |||
r-devel-windows-x86_64 | 0.1.2 | 181.00 | 155.00 | 336.00 | OK | |
r-patched-linux-x86_64 | 0.1.2 | 122.27 | 103.15 | 225.42 | OK | |
r-release-linux-x86_64 | 0.1.2 | 106.21 | 105.00 | 211.21 | OK | |
r-release-macos-arm64 | 0.1.2 | 76.00 | NOTE | |||
r-release-macos-x86_64 | 0.1.2 | 101.00 | NOTE | |||
r-release-windows-x86_64 | 0.1.2 | 151.00 | 152.00 | 303.00 | OK | |
r-oldrel-macos-arm64 | 0.1.2 | 72.00 | NOTE | |||
r-oldrel-macos-x86_64 | 0.1.2 | 112.00 | NOTE | |||
r-oldrel-windows-ix86+x86_64 | 0.1.2 | 261.00 | 171.00 | 432.00 | OK |
Version: 0.1.2
Check: C++ specification
Result: NOTE
Specified C++14: please update to current default of C++17
Flavors: r-devel-linux-x86_64-debian-gcc, r-devel-linux-x86_64-fedora-gcc
Version: 0.1.2
Check: installed package size
Result: NOTE
installed size is 29.5Mb
sub-directories of 1Mb or more:
R 2.2Mb
libs 27.0Mb
Flavors: r-release-macos-arm64, r-release-macos-x86_64, r-oldrel-macos-arm64, r-oldrel-macos-x86_64