CRAN Package Check Results for Package causalweight

Last updated on 2022-11-26 05:51:45 CET.

Flavor Version Tinstall Tcheck Ttotal Status Flags
r-devel-linux-x86_64-debian-clang 1.0.3 18.20 125.93 144.13 OK
r-devel-linux-x86_64-debian-gcc 1.0.3 14.93 90.92 105.85 OK
r-devel-linux-x86_64-fedora-clang 1.0.3 208.79 NOTE
r-devel-linux-x86_64-fedora-gcc 1.0.3 186.29 NOTE
r-devel-windows-x86_64 1.0.3 49.00 157.00 206.00 OK
r-patched-linux-x86_64 1.0.3 OK
r-release-linux-x86_64 1.0.3 17.27 116.63 133.90 OK
r-release-macos-arm64 1.0.3 40.00 NOTE
r-release-macos-x86_64 1.0.3 65.00 NOTE
r-release-windows-x86_64 1.0.3 40.00 147.00 187.00 OK
r-oldrel-macos-arm64 1.0.3 44.00 NOTE
r-oldrel-macos-x86_64 1.0.3 67.00 NOTE
r-oldrel-windows-ix86+x86_64 1.0.3 35.00 138.00 173.00 OK

Check Details

Version: 1.0.3
Check: data for non-ASCII characters
Result: NOTE
     Note: found 1 marked UTF-8 string
Flavors: r-devel-linux-x86_64-fedora-clang, r-devel-linux-x86_64-fedora-gcc, r-release-macos-arm64, r-release-macos-x86_64, r-oldrel-macos-arm64, r-oldrel-macos-x86_64