CRAN Package Check Results for Package ccTensor

Last updated on 2024-02-29 06:54:02 CET.

Flavor Version Tinstall Tcheck Ttotal Status Flags
r-devel-linux-x86_64-debian-clang 1.0.2 3.46 42.78 46.24 NOTE
r-devel-linux-x86_64-debian-gcc 1.0.2 3.17 32.79 35.96 NOTE
r-devel-linux-x86_64-fedora-clang 1.0.2 58.16 NOTE
r-devel-linux-x86_64-fedora-gcc 1.0.2 59.69 NOTE
r-devel-windows-x86_64 1.0.2 4.00 53.00 57.00 OK
r-patched-linux-x86_64 1.0.2 4.28 41.50 45.78 OK
r-release-linux-x86_64 1.0.2 3.87 41.93 45.80 OK
r-release-macos-arm64 1.0.2 21.00 OK
r-release-macos-x86_64 1.0.2 33.00 OK
r-release-windows-x86_64 1.0.2 5.00 56.00 61.00 OK
r-oldrel-macos-arm64 1.0.2 23.00 NOTE
r-oldrel-windows-x86_64 1.0.2 6.00 65.00 71.00 OK

Check Details

Version: 1.0.2
Check: Rd files
Result: NOTE checkRd: (-1) CUR.Rd:25: Lost braces; missing escapes or markup? 25 | The number of low-dimension of C (J1 < {N,M}). | ^ checkRd: (-1) CUR.Rd:29: Lost braces; missing escapes or markup? 29 | The number of low-dimension of R (J2 < {N,M}). | ^ checkRd: (-1) CX.Rd:23: Lost braces; missing escapes or markup? 23 | The number of low-dimension (J < {N,M}). | ^ Flavors: r-devel-linux-x86_64-debian-clang, r-devel-linux-x86_64-debian-gcc, r-devel-linux-x86_64-fedora-clang, r-devel-linux-x86_64-fedora-gcc

Version: 1.0.2
Check: dependencies in R code
Result: NOTE Namespace in Imports field not imported from: ‘fields’ All declared Imports should be used. Flavors: r-devel-linux-x86_64-fedora-clang, r-devel-linux-x86_64-fedora-gcc, r-oldrel-macos-arm64