CRAN Package Check Results for Package ccid

Last updated on 2024-07-16 07:01:34 CEST.

Flavor Version Tinstall Tcheck Ttotal Status Flags
r-devel-linux-x86_64-debian-clang 1.2.0 4.01 172.34 176.35 OK
r-devel-linux-x86_64-debian-gcc 1.2.0 2.98 107.68 110.66 OK
r-devel-linux-x86_64-fedora-clang 1.2.0 203.43 NOTE
r-devel-linux-x86_64-fedora-gcc 1.2.0 195.76 NOTE
r-devel-windows-x86_64 1.2.0 5.00 141.00 146.00 OK
r-patched-linux-x86_64 1.2.0 3.90 161.14 165.04 OK
r-release-linux-x86_64 1.2.0 3.23 160.41 163.64 OK
r-release-macos-arm64 1.2.0 51.00 OK
r-release-macos-x86_64 1.2.0 121.00 OK
r-release-windows-x86_64 1.2.0 4.00 145.00 149.00 OK
r-oldrel-macos-arm64 1.2.0 57.00 OK
r-oldrel-macos-x86_64 1.2.0 89.00 OK
r-oldrel-windows-x86_64 1.2.0 5.00 159.00 164.00 OK

Check Details

Version: 1.2.0
Check: dependencies in R code
Result: NOTE Namespace in Imports field not imported from: ‘GeneNet’ All declared Imports should be used. Flavors: r-devel-linux-x86_64-fedora-clang, r-devel-linux-x86_64-fedora-gcc