CRAN Package Check Results for Package ccmReportR

Last updated on 2022-10-03 07:49:53 CEST.

Flavor Version Tinstall Tcheck Ttotal Status Flags
r-devel-linux-x86_64-debian-clang 0.1.0 3.33 29.07 32.40 NOTE
r-devel-linux-x86_64-debian-gcc 0.1.0 2.50 23.92 26.42 NOTE
r-devel-linux-x86_64-fedora-clang 0.1.0 54.31 NOTE
r-devel-linux-x86_64-fedora-gcc 0.1.0 50.69 NOTE
r-devel-windows-x86_64 0.1.0 18.00 58.00 76.00 NOTE
r-patched-linux-x86_64 0.1.0 3.13 28.77 31.90 NOTE
r-release-linux-x86_64 0.1.0 2.43 29.20 31.63 NOTE
r-release-macos-arm64 0.1.0 18.00 NOTE
r-release-macos-x86_64 0.1.0 29.00 NOTE
r-release-windows-x86_64 0.1.0 20.00 54.00 74.00 NOTE
r-oldrel-macos-arm64 0.1.0 22.00 NOTE
r-oldrel-macos-x86_64 0.1.0 27.00 NOTE
r-oldrel-windows-ix86+x86_64 0.1.0 8.00 51.00 59.00 NOTE

Check Details

Version: 0.1.0
Check: LazyData
Result: NOTE
     'LazyData' is specified without a 'data' directory
Flavors: r-devel-linux-x86_64-debian-clang, r-devel-linux-x86_64-debian-gcc, r-devel-linux-x86_64-fedora-clang, r-devel-linux-x86_64-fedora-gcc, r-devel-windows-x86_64, r-patched-linux-x86_64, r-release-linux-x86_64, r-release-macos-arm64, r-release-macos-x86_64, r-release-windows-x86_64, r-oldrel-macos-arm64, r-oldrel-macos-x86_64, r-oldrel-windows-ix86+x86_64