CRAN Package Check Results for Package cdrcR

Last updated on 2022-07-02 07:06:54 CEST.

Flavor Version Tinstall Tcheck Ttotal Status Flags
r-devel-linux-x86_64-debian-clang 0.0.1 3.71 31.44 35.15 OK
r-devel-linux-x86_64-debian-gcc 0.0.1 2.80 25.49 28.29 OK
r-devel-linux-x86_64-fedora-clang 0.0.1 54.45 NOTE
r-devel-linux-x86_64-fedora-gcc 0.0.1 53.26 NOTE
r-devel-windows-x86_64 0.0.1 11.00 60.00 71.00 OK
r-patched-linux-x86_64 0.0.1 3.73 31.38 35.11 OK
r-release-linux-x86_64 0.0.1 3.51 31.55 35.06 OK
r-release-macos-arm64 0.0.1 16.00 NOTE
r-release-macos-x86_64 0.0.1 33.00 NOTE
r-release-windows-x86_64 0.0.1 13.00 64.00 77.00 OK
r-oldrel-macos-arm64 0.0.1 27.00 NOTE
r-oldrel-macos-x86_64 0.0.1 25.00 NOTE
r-oldrel-windows-ix86+x86_64 0.0.1 9.00 48.00 57.00 OK

Check Details

Version: 0.0.1
Check: dependencies in R code
Result: NOTE
    Namespace in Imports field not imported from: ‘urltools’
     All declared Imports should be used.
Flavors: r-devel-linux-x86_64-fedora-clang, r-devel-linux-x86_64-fedora-gcc, r-release-macos-arm64, r-release-macos-x86_64, r-oldrel-macos-arm64, r-oldrel-macos-x86_64