CRAN Package Check Results for Package cem

Last updated on 2021-04-17 06:46:37 CEST.

Flavor Version Tinstall Tcheck Ttotal Status Flags
r-devel-linux-x86_64-debian-clang 1.1.27 14.53 108.09 122.62 OK
r-devel-linux-x86_64-debian-gcc 1.1.27 9.98 82.83 92.81 OK
r-devel-linux-x86_64-fedora-clang 1.1.27 163.12 OK
r-devel-linux-x86_64-fedora-gcc 1.1.27 153.86 OK
r-devel-windows-ix86+x86_64 1.1.27 20.00 128.00 148.00 OK
r-devel-windows-x86_64-gcc10-UCRT 1.1.27 OK
r-patched-linux-x86_64 1.1.27 14.29 103.12 117.41 OK
r-patched-solaris-x86 1.1.27 199.30 OK
r-release-linux-x86_64 1.1.27 14.57 102.84 117.41 OK
r-release-macos-x86_64 1.1.27 OK
r-release-windows-ix86+x86_64 1.1.27 14.00 123.00 137.00 OK
r-oldrel-macos-x86_64 1.1.27 WARN
r-oldrel-windows-ix86+x86_64 1.1.27 12.00 121.00 133.00 OK

Check Details

Version: 1.1.27
Check: dependencies in R code
Result: NOTE
    No protocol specified
    No protocol specified
Flavor: r-oldrel-macos-x86_64

Version: 1.1.27
Check: S3 generic/method consistency
Result: WARN
    No protocol specified
    No protocol specified
    See section ‘Generic functions and methods’ in the ‘Writing R
    Extensions’ manual.
Flavor: r-oldrel-macos-x86_64

Version: 1.1.27
Check: replacement functions
Result: WARN
    No protocol specified
    No protocol specified
    The argument of a replacement function which corresponds to the right
    hand side must be named ‘value’.
Flavor: r-oldrel-macos-x86_64

Version: 1.1.27
Check: foreign function calls
Result: NOTE
    No protocol specified
    No protocol specified
    See chapter ‘System and foreign language interfaces’ in the ‘Writing R
    Extensions’ manual.
Flavor: r-oldrel-macos-x86_64

Version: 1.1.27
Check: R code for possible problems
Result: NOTE
    No protocol specified
    No protocol specified
Flavor: r-oldrel-macos-x86_64

Version: 1.1.27
Check: for missing documentation entries
Result: WARN
    No protocol specified
    No protocol specified
    All user-level objects in a package should have documentation entries.
    See chapter ‘Writing R documentation files’ in the ‘Writing R
    Extensions’ manual.
Flavor: r-oldrel-macos-x86_64

Version: 1.1.27
Check: for code/documentation mismatches
Result: WARN
    No protocol specified
    No protocol specified
    No protocol specified
    No protocol specified
    No protocol specified
    No protocol specified
Flavor: r-oldrel-macos-x86_64

Version: 1.1.27
Check: Rd \usage sections
Result: NOTE
    No protocol specified
    No protocol specified
    The \usage entries for S3 methods should use the \method markup and not
    their full name.
    See chapter ‘Writing R documentation files’ in the ‘Writing R
    Extensions’ manual.
Flavor: r-oldrel-macos-x86_64