CRAN Package Check Results for Package cepiigeodist

Last updated on 2024-07-16 07:01:34 CEST.

Flavor Version Tinstall Tcheck Ttotal Status Flags
r-devel-linux-x86_64-debian-clang 0.1 2.34 15.89 18.23 OK
r-devel-linux-x86_64-debian-gcc 0.1 1.81 12.88 14.69 OK
r-devel-linux-x86_64-fedora-clang 0.1 24.22 NOTE
r-devel-linux-x86_64-fedora-gcc 0.1 26.07 NOTE
r-devel-windows-x86_64 0.1 2.00 35.00 37.00 OK
r-patched-linux-x86_64 0.1 2.29 15.65 17.94 OK
r-release-linux-x86_64 0.1 1.91 15.65 17.56 OK
r-release-macos-arm64 0.1 13.00 OK
r-release-macos-x86_64 0.1 22.00 OK
r-release-windows-x86_64 0.1 3.00 36.00 39.00 OK
r-oldrel-macos-arm64 0.1 12.00 OK
r-oldrel-macos-x86_64 0.1 17.00 OK
r-oldrel-windows-x86_64 0.1 2.00 35.00 37.00 OK

Check Details

Version: 0.1
Check: data for non-ASCII characters
Result: NOTE Note: found 104 marked UTF-8 strings Flavors: r-devel-linux-x86_64-fedora-clang, r-devel-linux-x86_64-fedora-gcc