Last updated on 2023-03-30 06:53:10 CEST.
Flavor | Version | Tinstall | Tcheck | Ttotal | Status | Flags |
---|---|---|---|---|---|---|
r-devel-linux-x86_64-debian-clang | 0.1.4 | 4.24 | 40.37 | 44.61 | OK | |
r-devel-linux-x86_64-debian-gcc | 0.1.4 | 3.83 | 30.71 | 34.54 | OK | |
r-devel-linux-x86_64-fedora-clang | 0.1.4 | 55.95 | OK | |||
r-devel-linux-x86_64-fedora-gcc | 0.1.4 | 52.68 | OK | |||
r-devel-windows-x86_64 | 0.1.4 | 30.00 | 67.00 | 97.00 | OK | |
r-patched-linux-x86_64 | 0.1.4 | 3.99 | 38.65 | 42.64 | OK | |
r-release-linux-x86_64 | 0.1.4 | 4.98 | 38.56 | 43.54 | OK | |
r-release-macos-arm64 | 0.1.4 | 28.00 | OK | |||
r-release-macos-x86_64 | 0.1.4 | 28.00 | OK | |||
r-release-windows-x86_64 | 0.1.4 | 32.00 | 66.00 | 98.00 | OK | |
r-oldrel-macos-arm64 | 0.1.4 | 29.00 | OK | |||
r-oldrel-macos-x86_64 | 0.1.4 | 34.00 | OK | |||
r-oldrel-windows-ix86+x86_64 | 0.1.4 | 9.00 | 68.00 | 77.00 | NOTE |
Version: 0.1.4
Check: dependencies in R code
Result: NOTE
Initiating curl with CURL_SSL_BACKEND: openssl
Flavor: r-oldrel-windows-ix86+x86_64