CRAN Package Check Results for Package chandwich

Last updated on 2024-06-13 06:57:56 CEST.

Flavor Version Tinstall Tcheck Ttotal Status Flags
r-devel-linux-x86_64-debian-clang 1.1.6 5.20 211.30 216.50 OK
r-devel-linux-x86_64-debian-gcc 1.1.6 3.80 128.94 132.74 ERROR
r-devel-linux-x86_64-fedora-clang 1.1.6 250.81 OK
r-devel-linux-x86_64-fedora-gcc 1.1.6 256.87 OK
r-devel-windows-x86_64 1.1.6 5.00 153.00 158.00 OK
r-patched-linux-x86_64 1.1.6 5.41 200.60 206.01 OK
r-release-linux-x86_64 1.1.6 4.98 193.60 198.58 OK
r-release-macos-arm64 1.1.6 62.00 OK
r-release-macos-x86_64 1.1.6 126.00 OK
r-release-windows-x86_64 1.1.6 4.00 155.00 159.00 OK
r-oldrel-macos-arm64 1.1.6 64.00 OK
r-oldrel-macos-x86_64 1.1.6 221.00 OK
r-oldrel-windows-x86_64 1.1.6 4.00 205.00 209.00 OK

Check Details

Version: 1.1.6
Check: package dependencies
Result: NOTE Package suggested but not available for checking: ‘testthat’ Flavor: r-devel-linux-x86_64-debian-gcc

Version: 1.1.6
Check: tests
Result: ERROR Running ‘testthat.R’ [0s/1s] Running the tests in ‘tests/testthat.R’ failed. Complete output: > library(testthat) Error in library(testthat) : there is no package called 'testthat' Execution halted Flavor: r-devel-linux-x86_64-debian-gcc