Last updated on 2023-02-03 06:50:11 CET.
Flavor | Version | Tinstall | Tcheck | Ttotal | Status | Flags |
---|---|---|---|---|---|---|
r-devel-linux-x86_64-debian-clang | 1.1.0 | 189.62 | 467.57 | 657.19 | OK | |
r-devel-linux-x86_64-debian-gcc | 1.1.0 | 126.80 | 328.54 | 455.34 | OK | |
r-devel-linux-x86_64-fedora-clang | 1.1.0 | 820.89 | OK | |||
r-devel-linux-x86_64-fedora-gcc | 1.1.0 | 768.45 | OK | |||
r-devel-windows-x86_64 | 1.1.0 | 217.00 | 522.00 | 739.00 | OK | |
r-patched-linux-x86_64 | 1.1.0 | 141.70 | 429.82 | 571.52 | OK | |
r-release-linux-x86_64 | 1.1.0 | 142.52 | 427.33 | 569.85 | OK | |
r-release-macos-arm64 | 1.1.0 | 183.00 | NOTE | |||
r-release-macos-x86_64 | 1.1.0 | 239.00 | NOTE | |||
r-release-windows-x86_64 | 1.1.0 | 207.00 | 515.00 | 722.00 | OK | |
r-oldrel-macos-arm64 | 1.1.0 | 163.00 | NOTE | |||
r-oldrel-macos-x86_64 | 1.1.0 | 229.00 | NOTE | |||
r-oldrel-windows-ix86+x86_64 | 1.1.0 | 382.00 | 647.00 | 1029.00 | OK |
Version: 1.1.0
Check: installed package size
Result: NOTE
installed size is 6.4Mb
sub-directories of 1Mb or more:
libs 5.9Mb
Flavors: r-release-macos-arm64, r-release-macos-x86_64, r-oldrel-macos-arm64, r-oldrel-macos-x86_64