CRAN Package Check Results for Package checkmate

Last updated on 2022-12-05 06:51:36 CET.

Flavor Version Tinstall Tcheck Ttotal Status Flags
r-devel-linux-x86_64-debian-clang 2.1.0 13.16 107.54 120.70 OK
r-devel-linux-x86_64-debian-gcc 2.1.0 9.49 82.43 91.92 OK
r-devel-linux-x86_64-fedora-clang 2.1.0 163.97 OK
r-devel-linux-x86_64-fedora-gcc 2.1.0 162.43 OK
r-devel-windows-x86_64 2.1.0 125.00 164.00 289.00 WARN
r-patched-linux-x86_64 2.1.0 12.12 92.67 104.79 OK
r-release-linux-x86_64 2.1.0 10.41 95.88 106.29 OK
r-release-macos-arm64 2.1.0 41.00 OK
r-release-macos-x86_64 2.1.0 58.00 OK
r-release-windows-x86_64 2.1.0 121.00 157.00 278.00 OK
r-oldrel-macos-arm64 2.1.0 41.00 OK
r-oldrel-macos-x86_64 2.1.0 65.00 OK
r-oldrel-windows-ix86+x86_64 2.1.0 30.00 188.00 218.00 WARN

Check Details

Version: 2.1.0
Check: whether package can be installed
Result: WARN
    Found the following significant warnings:
     checks.c:488:81: warning: format '%ld' expects argument of type 'long int', but argument 4 has type 'R_xlen_t' {aka 'long long int'} [-Wformat=]
     checks.c:492:81: warning: format '%ld' expects argument of type 'long int', but argument 4 has type 'R_xlen_t' {aka 'long long int'} [-Wformat=]
     checks.c:496:81: warning: format '%ld' expects argument of type 'long int', but argument 4 has type 'R_xlen_t' {aka 'long long int'} [-Wformat=]
Flavor: r-devel-windows-x86_64

Version: 2.1.0
Check: for unstated dependencies in ‘tests’
Result: WARN
    Warning: unable to access index for repository https://bioconductor.org/packages/3.14/bioc/src/contrib:
     cannot open URL 'https://bioconductor.org/packages/3.14/bioc/src/contrib/PACKAGES'
    Warning: unable to access index for repository https://bioconductor.org/packages/3.14/data/annotation/src/contrib:
     cannot open URL 'https://bioconductor.org/packages/3.14/data/annotation/src/contrib/PACKAGES'
    Warning: unable to access index for repository https://bioconductor.org/packages/3.14/data/experiment/src/contrib:
     cannot open URL 'https://bioconductor.org/packages/3.14/data/experiment/src/contrib/PACKAGES'
Flavor: r-oldrel-windows-ix86+x86_64