CRAN Package Check Results for Package checkmate

Last updated on 2020-12-05 06:50:48 CET.

Flavor Version Tinstall Tcheck Ttotal Status Flags
r-devel-linux-x86_64-debian-clang 2.0.0 10.86 80.42 91.28 OK
r-devel-linux-x86_64-debian-gcc 2.0.0 7.84 62.44 70.28 OK
r-devel-linux-x86_64-fedora-clang 2.0.0 110.35 OK
r-devel-linux-x86_64-fedora-gcc 2.0.0 107.76 OK
r-devel-windows-ix86+x86_64 2.0.0 27.00 143.00 170.00 OK
r-patched-linux-x86_64 2.0.0 10.46 78.31 88.77 OK
r-patched-solaris-x86 2.0.0 132.70 ERROR
r-release-linux-x86_64 2.0.0 9.68 78.35 88.03 OK
r-release-macos-x86_64 2.0.0 OK
r-release-windows-ix86+x86_64 2.0.0 26.00 114.00 140.00 OK
r-oldrel-macos-x86_64 2.0.0 OK
r-oldrel-windows-ix86+x86_64 2.0.0 26.00 133.00 159.00 OK

Check Details

Version: 2.0.0
Check: tests
Result: ERROR
     Running ‘test-all.R’ [26s/28s]
    Running the tests in ‘tests/test-all.R’ failed.
    Complete output:
     > library(testthat)
     > test_check("checkmate")
     Loading required package: checkmate
     ── FAILURE (test_checkNames.R:34:3): checkNames ────────────────────────────────
     testNames("ä", type = "strict") is not FALSE
    
     `actual`: TRUE
     `expected`: FALSE
    
     ── FAILURE (test_checkNames.R:35:3): checkNames ────────────────────────────────
     testNames("ä", type = "ids") is not FALSE
    
     `actual`: TRUE
     `expected`: FALSE
    
     ── Skip (test_include.R:4:3): include of registered C functions works ──────────
     Reason: On CRAN
    
     ── Skipped tests ──────────────────────────────────────────────────────────────
     ● On CRAN (1)
    
     ══ testthat results ═══════════════════════════════════════════════════════════
     FAILURE (test_checkNames.R:34:3): checkNames
     FAILURE (test_checkNames.R:35:3): checkNames
    
     [ FAIL 2 | WARN 0 | SKIP 1 | PASS 2899 ]
     Error: Test failures
     Execution halted
Flavor: r-patched-solaris-x86