Last updated on 2021-01-16 06:51:03 CET.
Flavor | Version | Tinstall | Tcheck | Ttotal | Status | Flags |
---|---|---|---|---|---|---|
r-devel-linux-x86_64-debian-clang | 0.1 | 3.94 | 36.23 | 40.17 | NOTE | |
r-devel-linux-x86_64-debian-gcc | 0.1 | 2.90 | 31.92 | 34.82 | NOTE | |
r-devel-linux-x86_64-fedora-clang | 0.1 | 58.07 | NOTE | |||
r-devel-linux-x86_64-fedora-gcc | 0.1 | 47.32 | NOTE | |||
r-devel-windows-ix86+x86_64 | 0.1 | 7.00 | 49.00 | 56.00 | NOTE | |
r-patched-linux-x86_64 | 0.1 | 3.81 | 34.64 | 38.45 | NOTE | |
r-patched-solaris-x86 | 0.1 | 70.40 | NOTE | |||
r-release-linux-x86_64 | 0.1 | 3.81 | 37.93 | 41.74 | NOTE | |
r-release-macos-x86_64 | 0.1 | NOTE | ||||
r-release-windows-ix86+x86_64 | 0.1 | 8.00 | 41.00 | 49.00 | NOTE | |
r-oldrel-macos-x86_64 | 0.1 | NOTE | ||||
r-oldrel-windows-ix86+x86_64 | 0.1 | 8.00 | 42.00 | 50.00 | NOTE |
Version: 0.1
Check: DESCRIPTION meta-information
Result: NOTE
Malformed Description field: should contain one or more complete sentences.
Flavors: r-devel-linux-x86_64-debian-clang, r-devel-linux-x86_64-debian-gcc, r-devel-linux-x86_64-fedora-clang, r-devel-linux-x86_64-fedora-gcc, r-devel-windows-ix86+x86_64, r-patched-linux-x86_64, r-patched-solaris-x86, r-release-linux-x86_64, r-release-macos-x86_64, r-release-windows-ix86+x86_64, r-oldrel-macos-x86_64, r-oldrel-windows-ix86+x86_64
Version: 0.1
Check: R code for possible problems
Result: NOTE
parse_counts: no visible global function definition for 'na.omit'
Undefined global functions or variables:
na.omit
Consider adding
importFrom("stats", "na.omit")
to your NAMESPACE file.
Flavors: r-devel-linux-x86_64-debian-clang, r-devel-linux-x86_64-debian-gcc, r-devel-linux-x86_64-fedora-clang, r-devel-linux-x86_64-fedora-gcc, r-devel-windows-ix86+x86_64, r-patched-linux-x86_64, r-patched-solaris-x86, r-release-linux-x86_64, r-release-macos-x86_64, r-release-windows-ix86+x86_64, r-oldrel-macos-x86_64, r-oldrel-windows-ix86+x86_64