CRAN Package Check Results for Package cimir

Last updated on 2021-11-29 06:48:24 CET.

Flavor Version Tinstall Tcheck Ttotal Status Flags
r-devel-linux-x86_64-debian-clang 0.4-1 NOTE
r-devel-linux-x86_64-debian-gcc 0.4-1 3.62 36.50 40.12 NOTE
r-devel-linux-x86_64-fedora-clang 0.4-1 76.17 NOTE
r-devel-linux-x86_64-fedora-gcc 0.4-1 61.12 NOTE
r-devel-windows-x86_64-new-UL 0.4-1 14.00 92.00 106.00 NOTE
r-devel-windows-x86_64-new-TK 0.4-1 NOTE
r-devel-windows-x86_64-old 0.4-1 8.00 69.00 77.00 NOTE
r-patched-linux-x86_64 0.4-1 5.10 44.48 49.58 NOTE
r-patched-solaris-x86 0.4-1 93.40 NOTE
r-release-linux-x86_64 0.4-1 4.04 44.97 49.01 NOTE
r-release-macos-arm64 0.4-1 NOTE
r-release-macos-x86_64 0.4-1 NOTE
r-release-windows-ix86+x86_64 0.4-1 13.00 52.00 65.00 NOTE
r-oldrel-macos-x86_64 0.4-1 OK
r-oldrel-windows-ix86+x86_64 0.4-1 13.00 68.00 81.00 OK

Check Details

Version: 0.4-1
Check: LazyData
Result: NOTE
     'LazyData' is specified without a 'data' directory
Flavors: r-devel-linux-x86_64-debian-clang, r-devel-linux-x86_64-debian-gcc, r-devel-linux-x86_64-fedora-clang, r-devel-linux-x86_64-fedora-gcc, r-devel-windows-x86_64-new-UL, r-devel-windows-x86_64-new-TK, r-devel-windows-x86_64-old, r-patched-linux-x86_64, r-patched-solaris-x86, r-release-linux-x86_64, r-release-macos-arm64, r-release-macos-x86_64, r-release-windows-ix86+x86_64