CRAN Package Check Results for Package cinterpolate

Last updated on 2024-06-13 06:57:56 CEST.

Flavor Version Tinstall Tcheck Ttotal Status Flags
r-devel-linux-x86_64-debian-clang 1.0.1 3.41 28.71 32.12 OK
r-devel-linux-x86_64-debian-gcc 1.0.1 2.42 20.42 22.84 ERROR
r-devel-linux-x86_64-fedora-clang 1.0.1 40.55 OK
r-devel-linux-x86_64-fedora-gcc 1.0.1 51.08 OK
r-devel-windows-x86_64 1.0.1 6.00 46.00 52.00 OK
r-patched-linux-x86_64 1.0.1 2.76 26.86 29.62 OK
r-release-linux-x86_64 1.0.1 2.92 27.36 30.28 OK
r-release-macos-arm64 1.0.1 26.00 OK
r-release-macos-x86_64 1.0.1 36.00 OK
r-release-windows-x86_64 1.0.1 5.00 47.00 52.00 OK
r-oldrel-macos-arm64 1.0.1 49.00 OK
r-oldrel-macos-x86_64 1.0.1 73.00 OK
r-oldrel-windows-x86_64 1.0.1 5.00 47.00 52.00 OK

Check Details

Version: 1.0.1
Check: package dependencies
Result: NOTE Package suggested but not available for checking: ‘testthat’ Flavor: r-devel-linux-x86_64-debian-gcc

Version: 1.0.1
Check: tests
Result: ERROR Running ‘testthat.R’ [0s/1s] Running the tests in ‘tests/testthat.R’ failed. Complete output: > library(testthat) Error in library(testthat) : there is no package called 'testthat' Execution halted Flavor: r-devel-linux-x86_64-debian-gcc