Last updated on 2023-03-20 05:52:06 CET.
Flavor | Version | Tinstall | Tcheck | Ttotal | Status | Flags |
---|---|---|---|---|---|---|
r-devel-linux-x86_64-debian-clang | 0.1.1 | OK | ||||
r-devel-linux-x86_64-debian-gcc | 0.1.1 | 8.41 | 136.50 | 144.91 | OK | |
r-devel-linux-x86_64-fedora-clang | 0.1.1 | 240.68 | NOTE | |||
r-devel-linux-x86_64-fedora-gcc | 0.1.1 | 241.96 | OK | |||
r-devel-windows-x86_64 | 0.1.1 | 36.00 | 283.00 | 319.00 | NOTE | |
r-patched-linux-x86_64 | 0.1.1 | 7.27 | 180.89 | 188.16 | OK | |
r-release-linux-x86_64 | 0.1.1 | 11.16 | 182.52 | 193.68 | OK | |
r-release-macos-arm64 | 0.1.1 | 163.00 | NOTE | |||
r-release-macos-x86_64 | 0.1.1 | 203.00 | NOTE | |||
r-release-windows-x86_64 | 0.1.1 | 34.00 | 281.00 | 315.00 | NOTE | |
r-oldrel-macos-arm64 | 0.1.1 | 159.00 | NOTE | |||
r-oldrel-macos-x86_64 | 0.1.1 | 181.00 | NOTE | |||
r-oldrel-windows-ix86+x86_64 | 0.1.1 | 25.00 | 313.00 | 338.00 | NOTE |
Version: 0.1.1
Check: installed package size
Result: NOTE
installed size is 7.5Mb
sub-directories of 1Mb or more:
doc 7.3Mb
Flavors: r-devel-linux-x86_64-fedora-clang, r-devel-windows-x86_64, r-release-macos-arm64, r-release-macos-x86_64, r-release-windows-x86_64, r-oldrel-macos-arm64, r-oldrel-macos-x86_64, r-oldrel-windows-ix86+x86_64