Last updated on 2023-01-28 07:14:50 CET.
Flavor | Version | Tinstall | Tcheck | Ttotal | Status | Flags |
---|---|---|---|---|---|---|
r-devel-linux-x86_64-debian-clang | 0.7 | 5.25 | 136.31 | 141.56 | OK | |
r-devel-linux-x86_64-debian-gcc | 0.7 | 3.12 | 97.37 | 100.49 | OK | |
r-devel-linux-x86_64-fedora-clang | 0.7 | 170.41 | OK | |||
r-devel-linux-x86_64-fedora-gcc | 0.7 | 191.85 | OK | |||
r-devel-windows-x86_64 | 0.7 | 25.00 | 181.00 | 206.00 | OK | |
r-patched-linux-x86_64 | 0.7 | 3.88 | 130.34 | 134.22 | OK | |
r-release-linux-x86_64 | 0.7 | 4.38 | 127.67 | 132.05 | OK | |
r-release-macos-arm64 | 0.7 | 29.00 | NOTE | |||
r-release-macos-x86_64 | 0.7 | 85.00 | OK | |||
r-release-windows-x86_64 | 0.7 | 33.00 | 191.00 | 224.00 | OK | |
r-oldrel-macos-arm64 | 0.7 | 53.00 | NOTE | |||
r-oldrel-macos-x86_64 | 0.7 | 81.00 | NOTE | |||
r-oldrel-windows-ix86+x86_64 | 0.7 | 13.00 | 167.00 | 180.00 | OK |
Version: 0.7
Check: package dependencies
Result: NOTE
Packages suggested but not available for checking:
'Biobase', 'annotate', 'GO.db', 'moe430a.db'
Flavor: r-release-macos-arm64
Version: 0.7
Check: package dependencies
Result: NOTE
Packages suggested but not available for checking: 'GO.db', 'moe430a.db'
Flavors: r-oldrel-macos-arm64, r-oldrel-macos-x86_64