Last updated on 2023-01-31 06:51:16 CET.
Flavor | Version | Tinstall | Tcheck | Ttotal | Status | Flags |
---|---|---|---|---|---|---|
r-devel-linux-x86_64-debian-clang | 1.4.0 | 18.44 | 137.94 | 156.38 | OK | |
r-devel-linux-x86_64-debian-gcc | 1.4.0 | 15.24 | 98.97 | 114.21 | OK | |
r-devel-linux-x86_64-fedora-clang | 1.4.0 | 194.93 | NOTE | |||
r-devel-linux-x86_64-fedora-gcc | 1.4.0 | 210.52 | NOTE | |||
r-devel-windows-x86_64 | 1.4.0 | 45.00 | 154.00 | 199.00 | OK | |
r-patched-linux-x86_64 | 1.4.0 | 10.24 | 131.27 | 141.51 | OK | |
r-release-linux-x86_64 | 1.4.0 | 12.41 | 132.04 | 144.45 | OK | |
r-release-macos-arm64 | 1.4.0 | 49.00 | NOTE | |||
r-release-macos-x86_64 | 1.4.0 | 100.00 | NOTE | |||
r-release-windows-x86_64 | 1.4.0 | 48.00 | 180.00 | 228.00 | OK | |
r-oldrel-macos-arm64 | 1.4.0 | 61.00 | NOTE | |||
r-oldrel-macos-x86_64 | 1.4.0 | 84.00 | NOTE | |||
r-oldrel-windows-ix86+x86_64 | 1.4.0 | 39.00 | 157.00 | 196.00 | OK |
Version: 1.4.0
Check: dependencies in R code
Result: NOTE
Namespace in Imports field not imported from: ‘Rcpp’
All declared Imports should be used.
Flavors: r-devel-linux-x86_64-fedora-clang, r-devel-linux-x86_64-fedora-gcc, r-release-macos-arm64, r-release-macos-x86_64, r-oldrel-macos-arm64, r-oldrel-macos-x86_64