CRAN Package Check Results for Package clevr

Last updated on 2021-06-19 06:48:03 CEST.

Flavor Version Tinstall Tcheck Ttotal Status Flags
r-devel-linux-x86_64-debian-clang 0.1.1 26.42 68.01 94.43 NOTE
r-devel-linux-x86_64-debian-gcc 0.1.1 19.30 53.09 72.39 NOTE
r-devel-linux-x86_64-fedora-clang 0.1.1 133.46 NOTE
r-devel-linux-x86_64-fedora-gcc 0.1.1 117.57 NOTE
r-devel-windows-x86_64 0.1.1 37.00 75.00 112.00 NOTE
r-devel-windows-x86_64-gcc10-UCRT 0.1.1 NOTE
r-patched-linux-x86_64 0.1.1 25.06 66.01 91.07 NOTE
r-patched-solaris-x86 0.1.1 157.50 NOTE
r-release-linux-x86_64 0.1.1 22.67 66.84 89.51 NOTE
r-release-macos-arm64 0.1.1 NOTE
r-release-macos-x86_64 0.1.1 NOTE
r-release-windows-ix86+x86_64 0.1.1 67.00 131.00 198.00 NOTE
r-oldrel-macos-x86_64 0.1.1 OK
r-oldrel-windows-ix86+x86_64 0.1.1 46.00 134.00 180.00 OK

Check Details

Version: 0.1.1
Check: LazyData
Result: NOTE
     'LazyData' is specified without a 'data' directory
Flavors: r-devel-linux-x86_64-debian-clang, r-devel-linux-x86_64-debian-gcc, r-devel-linux-x86_64-fedora-clang, r-devel-linux-x86_64-fedora-gcc, r-devel-windows-x86_64, r-devel-windows-x86_64-gcc10-UCRT, r-patched-linux-x86_64, r-patched-solaris-x86, r-release-linux-x86_64, r-release-macos-arm64, r-release-macos-x86_64, r-release-windows-ix86+x86_64