Last updated on 2023-06-01 06:58:29 CEST.
Flavor | Version | Tinstall | Tcheck | Ttotal | Status | Flags |
---|---|---|---|---|---|---|
r-devel-linux-x86_64-debian-clang | 1.0-8 | 29.85 | 250.54 | 280.39 | NOTE | |
r-devel-linux-x86_64-debian-gcc | 1.0-8 | 26.50 | 192.24 | 218.74 | NOTE | |
r-devel-linux-x86_64-fedora-clang | 1.0-8 | 362.20 | NOTE | |||
r-devel-linux-x86_64-fedora-gcc | 1.0-8 | 361.46 | NOTE | |||
r-devel-windows-x86_64 | 1.0-8 | 26.00 | 235.00 | 261.00 | NOTE | |
r-patched-linux-x86_64 | 1.0-8 | NOTE | ||||
r-release-linux-x86_64 | 1.0-8 | 30.40 | 241.42 | 271.82 | NOTE | |
r-release-macos-arm64 | 1.0-8 | 102.00 | NOTE | |||
r-release-macos-x86_64 | 1.0-8 | 183.00 | NOTE | |||
r-release-windows-x86_64 | 1.0-8 | 35.00 | 293.00 | 328.00 | NOTE | |
r-oldrel-macos-arm64 | 1.0-8 | 104.00 | OK | |||
r-oldrel-macos-x86_64 | 1.0-8 | 142.00 | OK | |||
r-oldrel-windows-x86_64 | 1.0-8 | 33.00 | 322.00 | 355.00 | OK |
Version: 1.0-8
Check: C++ specification
Result: NOTE
Specified C++11: please drop specification unless essential
Flavors: r-devel-linux-x86_64-debian-clang, r-devel-linux-x86_64-debian-gcc, r-devel-linux-x86_64-fedora-clang, r-devel-linux-x86_64-fedora-gcc, r-devel-windows-x86_64, r-patched-linux-x86_64, r-release-linux-x86_64, r-release-macos-arm64, r-release-macos-x86_64, r-release-windows-x86_64