Last updated on 2023-03-21 15:52:13 CET.
Flavor | Version | Tinstall | Tcheck | Ttotal | Status | Flags |
---|---|---|---|---|---|---|
r-devel-linux-x86_64-debian-clang | 3.1.2 | 8.73 | 103.07 | 111.80 | NOTE | |
r-devel-linux-x86_64-debian-gcc | 3.1.2 | 5.76 | 77.76 | 83.52 | NOTE | |
r-devel-linux-x86_64-fedora-clang | 3.1.2 | 144.53 | NOTE | |||
r-devel-linux-x86_64-fedora-gcc | 3.1.2 | 133.65 | NOTE | |||
r-devel-windows-x86_64 | 3.1.2 | 14.00 | 153.00 | 167.00 | NOTE | |
r-patched-linux-x86_64 | 3.1.2 | 6.22 | 97.79 | 104.01 | OK | |
r-release-linux-x86_64 | 3.1.2 | 5.28 | 96.34 | 101.62 | OK | |
r-release-macos-arm64 | 3.1.2 | 33.00 | OK | |||
r-release-macos-x86_64 | 3.1.2 | 52.00 | OK | |||
r-release-windows-x86_64 | 3.1.2 | 21.00 | 141.00 | 162.00 | OK | |
r-oldrel-macos-arm64 | 3.1.2 | 37.00 | NOTE | |||
r-oldrel-macos-x86_64 | 3.1.2 | 65.00 | OK | |||
r-oldrel-windows-ix86+x86_64 | 3.1.2 | 12.00 | 135.00 | 147.00 | OK |
Version: 3.1.2
Check: Rd files
Result: NOTE
checkRd: (-1) diagwl.Rd:3: Escaped LaTeX specials: \&
checkRd: (-1) diagwl.Rd:5: Escaped LaTeX specials: \&
Flavors: r-devel-linux-x86_64-debian-clang, r-devel-linux-x86_64-debian-gcc, r-devel-linux-x86_64-fedora-clang, r-devel-linux-x86_64-fedora-gcc, r-devel-windows-x86_64
Version: 3.1.2
Check: package dependencies
Result: NOTE
Package suggested but not available for checking: ‘RODBC’
Flavor: r-oldrel-macos-arm64