Last updated on 2021-01-25 06:46:16 CET.
Flavor | Version | Tinstall | Tcheck | Ttotal | Status | Flags |
---|---|---|---|---|---|---|
r-devel-linux-x86_64-debian-clang | 0.3-58 | 10.88 | 78.45 | 89.33 | OK | |
r-devel-linux-x86_64-debian-gcc | 0.3-58 | 8.34 | 59.50 | 67.84 | OK | |
r-devel-linux-x86_64-fedora-clang | 0.3-58 | 114.85 | NOTE | |||
r-devel-linux-x86_64-fedora-gcc | 0.3-58 | 106.39 | OK | |||
r-devel-windows-ix86+x86_64 | 0.3-58 | 22.00 | 121.00 | 143.00 | OK | |
r-patched-linux-x86_64 | 0.3-58 | 9.55 | 74.25 | 83.80 | OK | |
r-patched-solaris-x86 | 0.3-58 | 138.10 | NOTE | |||
r-release-linux-x86_64 | 0.3-58 | 9.20 | 74.14 | 83.34 | OK | |
r-release-macos-x86_64 | 0.3-58 | OK | ||||
r-release-windows-ix86+x86_64 | 0.3-58 | 21.00 | 94.00 | 115.00 | OK | |
r-oldrel-macos-x86_64 | 0.3-58 | OK | ||||
r-oldrel-windows-ix86+x86_64 | 0.3-58 | 17.00 | 114.00 | 131.00 | OK |
Version: 0.3-58
Check: Rd cross-references
Result: NOTE
Undeclared packages ‘mlbench’, ‘fpc’ in Rd xrefs
Flavor: r-devel-linux-x86_64-fedora-clang
Version: 0.3-58
Check: package dependencies
Result: NOTE
Package which this enhances but not available for checking: ‘RWeka’
Flavor: r-patched-solaris-x86