Last updated on 2025-01-23 07:50:11 CET.
Flavor | Version | Tinstall | Tcheck | Ttotal | Status | Flags |
---|---|---|---|---|---|---|
r-devel-linux-x86_64-debian-clang | 1.1.0 | 3.15 | 25.40 | 28.55 | NOTE | |
r-devel-linux-x86_64-debian-gcc | 1.1.0 | 2.47 | 19.49 | 21.96 | NOTE | |
r-devel-linux-x86_64-fedora-clang | 1.1.0 | 46.65 | NOTE | |||
r-devel-linux-x86_64-fedora-gcc | 1.1.0 | 42.53 | NOTE | |||
r-devel-windows-x86_64 | 1.1.0 | 8.00 | 52.00 | 60.00 | NOTE | |
r-patched-linux-x86_64 | 1.1.0 | 3.25 | 23.88 | 27.13 | NOTE | |
r-release-linux-x86_64 | 1.1.0 | 2.99 | 23.99 | 26.98 | NOTE | |
r-release-macos-arm64 | 1.1.0 | 19.00 | NOTE | |||
r-release-macos-x86_64 | 1.1.0 | 27.00 | NOTE | |||
r-release-windows-x86_64 | 1.1.0 | 7.00 | 56.00 | 63.00 | NOTE | |
r-oldrel-macos-arm64 | 1.1.0 | 19.00 | NOTE | |||
r-oldrel-macos-x86_64 | 1.1.0 | 27.00 | NOTE | |||
r-oldrel-windows-x86_64 | 1.1.0 | 7.00 | 56.00 | 63.00 | NOTE |
Version: 1.1.0
Check: package subdirectories
Result: NOTE
Problems with news in ‘NEWS.md’:
No news entries found.
Flavors: r-devel-linux-x86_64-debian-clang, r-devel-linux-x86_64-debian-gcc, r-devel-linux-x86_64-fedora-clang, r-devel-linux-x86_64-fedora-gcc, r-devel-windows-x86_64, r-patched-linux-x86_64, r-release-linux-x86_64, r-release-macos-arm64, r-release-macos-x86_64, r-release-windows-x86_64, r-oldrel-macos-arm64, r-oldrel-macos-x86_64, r-oldrel-windows-x86_64
Version: 1.1.0
Check: LazyData
Result: NOTE
'LazyData' is specified without a 'data' directory
Flavors: r-patched-linux-x86_64, r-release-linux-x86_64, r-release-macos-arm64, r-release-macos-x86_64, r-release-windows-x86_64, r-oldrel-macos-arm64, r-oldrel-macos-x86_64, r-oldrel-windows-x86_64