Last updated on 2023-03-27 06:50:03 CEST.
Flavor | Version | Tinstall | Tcheck | Ttotal | Status | Flags |
---|---|---|---|---|---|---|
r-devel-linux-x86_64-debian-clang | 1.0.2 | 3.12 | 34.80 | 37.92 | NOTE | |
r-devel-linux-x86_64-debian-gcc | 1.0.2 | 2.59 | 26.95 | 29.54 | NOTE | |
r-devel-linux-x86_64-fedora-clang | 1.0.2 | 47.93 | NOTE | |||
r-devel-linux-x86_64-fedora-gcc | 1.0.2 | 57.26 | NOTE | |||
r-patched-linux-x86_64 | 1.0.2 | 2.69 | 33.71 | 36.40 | NOTE | |
r-release-linux-x86_64 | 1.0.2 | 1.83 | 34.43 | 36.26 | NOTE | |
r-release-macos-arm64 | 1.0.2 | 21.00 | NOTE | |||
r-release-macos-x86_64 | 1.0.2 | 37.00 | NOTE | |||
r-release-windows-x86_64 | 1.0.2 | 15.00 | 71.00 | 86.00 | NOTE | |
r-oldrel-macos-arm64 | 1.0.2 | 24.00 | NOTE | |||
r-oldrel-macos-x86_64 | 1.0.2 | 35.00 | NOTE | |||
r-oldrel-windows-ix86+x86_64 | 1.0.2 | 8.00 | 64.00 | 72.00 | NOTE |
Version: 1.0.2
Check: LazyData
Result: NOTE
'LazyData' is specified without a 'data' directory
Flavors: r-devel-linux-x86_64-debian-clang, r-devel-linux-x86_64-debian-gcc, r-devel-linux-x86_64-fedora-clang, r-devel-linux-x86_64-fedora-gcc, r-patched-linux-x86_64, r-release-linux-x86_64, r-release-macos-arm64, r-release-macos-x86_64, r-release-windows-x86_64, r-oldrel-macos-arm64, r-oldrel-macos-x86_64, r-oldrel-windows-ix86+x86_64