CRAN Package Check Results for Package cnbdistr

Last updated on 2024-06-22 07:49:24 CEST.

Flavor Version Tinstall Tcheck Ttotal Status Flags
r-devel-linux-x86_64-debian-clang 1.0.1 2.81 60.66 63.47 NOTE
r-devel-linux-x86_64-debian-gcc 1.0.1 1.49 41.12 42.61 NOTE
r-devel-linux-x86_64-fedora-clang 1.0.1 75.21 NOTE
r-devel-linux-x86_64-fedora-gcc 1.0.1 90.46 NOTE
r-devel-windows-x86_64 1.0.1 3.00 57.00 60.00 NOTE
r-patched-linux-x86_64 1.0.1 2.60 57.31 59.91 NOTE
r-release-linux-x86_64 1.0.1 1.68 56.49 58.17 NOTE
r-release-macos-arm64 1.0.1 28.00 NOTE
r-release-macos-x86_64 1.0.1 45.00 NOTE
r-release-windows-x86_64 1.0.1 3.00 57.00 60.00 NOTE
r-oldrel-macos-arm64 1.0.1 33.00 NOTE
r-oldrel-macos-x86_64 1.0.1 44.00 NOTE
r-oldrel-windows-x86_64 1.0.1 4.00 65.00 69.00 NOTE

Check Details

Version: 1.0.1
Check: LazyData
Result: NOTE 'LazyData' is specified without a 'data' directory Flavors: r-devel-linux-x86_64-debian-clang, r-devel-linux-x86_64-debian-gcc, r-devel-linux-x86_64-fedora-clang, r-devel-linux-x86_64-fedora-gcc, r-devel-windows-x86_64, r-patched-linux-x86_64, r-release-linux-x86_64, r-release-macos-arm64, r-release-macos-x86_64, r-release-windows-x86_64, r-oldrel-macos-arm64, r-oldrel-macos-x86_64, r-oldrel-windows-x86_64