CRAN Package Check Results for Package codename

Last updated on 2022-01-22 06:48:49 CET.

Flavor Version Tinstall Tcheck Ttotal Status Flags
r-devel-linux-x86_64-debian-clang 0.4.0 2.03 30.10 32.13 OK
r-devel-linux-x86_64-debian-gcc 0.4.0 1.62 23.00 24.62 OK
r-devel-linux-x86_64-fedora-clang 0.4.0 39.26 NOTE
r-devel-linux-x86_64-fedora-gcc 0.4.0 28.02 NOTE
r-devel-windows-x86_64-new-UL 0.4.0 28.00 49.00 77.00 OK
r-devel-windows-x86_64-new-TK 0.4.0 NOTE
r-patched-linux-x86_64 0.4.0 1.87 28.06 29.93 OK
r-release-linux-x86_64 0.4.0 1.93 28.55 30.48 OK
r-release-macos-arm64 0.4.0 NOTE
r-release-macos-x86_64 0.4.0 NOTE
r-release-windows-ix86+x86_64 0.4.0 6.00 39.00 45.00 OK
r-oldrel-macos-x86_64 0.4.0 NOTE
r-oldrel-windows-ix86+x86_64 0.4.0 5.00 38.00 43.00 OK

Check Details

Version: 0.4.0
Check: data for non-ASCII characters
Result: NOTE
     Note: found 6 marked UTF-8 strings
Flavors: r-devel-linux-x86_64-fedora-clang, r-devel-linux-x86_64-fedora-gcc, r-devel-windows-x86_64-new-TK, r-release-macos-arm64, r-release-macos-x86_64, r-oldrel-macos-x86_64