CRAN Package Check Results for Package coefplot

Last updated on 2021-01-17 06:46:45 CET.

Flavor Version Tinstall Tcheck Ttotal Status Flags
r-devel-linux-x86_64-debian-clang 1.2.6 6.67 83.21 89.88 OK
r-devel-linux-x86_64-debian-gcc 1.2.7 4.84 66.40 71.24 OK
r-devel-linux-x86_64-fedora-clang 1.2.7 120.39 OK
r-devel-linux-x86_64-fedora-gcc 1.2.7 85.33 OK
r-devel-windows-ix86+x86_64 1.2.6 12.00 96.00 108.00 OK
r-patched-linux-x86_64 1.2.7 6.04 84.35 90.39 OK
r-patched-solaris-x86 1.2.7 164.40 NOTE
r-release-linux-x86_64 1.2.7 5.85 84.14 89.99 OK
r-release-macos-x86_64 1.2.7 OK
r-release-windows-ix86+x86_64 1.2.6 12.00 95.00 107.00 OK
r-oldrel-macos-x86_64 1.2.7 OK
r-oldrel-windows-ix86+x86_64 1.2.7 9.00 85.00 94.00 OK

Check Details

Version: 1.2.7
Check: package dependencies
Result: NOTE
    Package suggested but not available for checking: ‘xgboost’
Flavor: r-patched-solaris-x86