CRAN Package Check Results for Package coga

Last updated on 2021-06-16 06:49:06 CEST.

Flavor Version Tinstall Tcheck Ttotal Status Flags
r-devel-linux-x86_64-debian-clang 1.1.0 49.52 41.42 90.94 NOTE
r-devel-linux-x86_64-debian-gcc 1.1.0 31.13 31.90 63.03 NOTE
r-devel-linux-x86_64-fedora-clang 1.1.0 128.37 NOTE
r-devel-linux-x86_64-fedora-gcc 1.1.0 109.10 NOTE
r-devel-windows-x86_64 1.1.0 57.00 66.00 123.00 NOTE
r-devel-windows-x86_64-gcc10-UCRT 1.1.0 NOTE
r-patched-linux-x86_64 1.1.0 36.97 40.90 77.87 NOTE
r-patched-solaris-x86 1.1.0 114.80 NOTE
r-release-linux-x86_64 1.1.0 39.41 40.40 79.81 NOTE
r-release-macos-arm64 1.1.0 NOTE
r-release-macos-x86_64 1.1.0 NOTE
r-release-windows-ix86+x86_64 1.1.0 111.00 85.00 196.00 NOTE
r-oldrel-macos-x86_64 1.1.0 OK
r-oldrel-windows-ix86+x86_64 1.1.0 85.00 86.00 171.00 OK

Check Details

Version: 1.1.0
Check: LazyData
Result: NOTE
     'LazyData' is specified without a 'data' directory
Flavors: r-devel-linux-x86_64-debian-clang, r-devel-linux-x86_64-debian-gcc, r-devel-linux-x86_64-fedora-clang, r-devel-linux-x86_64-fedora-gcc, r-devel-windows-x86_64, r-devel-windows-x86_64-gcc10-UCRT, r-patched-linux-x86_64, r-patched-solaris-x86, r-release-linux-x86_64, r-release-macos-arm64, r-release-macos-x86_64, r-release-windows-ix86+x86_64