Last updated on 2023-02-02 06:54:46 CET.
Flavor | Version | Tinstall | Tcheck | Ttotal | Status | Flags |
---|---|---|---|---|---|---|
r-devel-linux-x86_64-debian-clang | 1.0.5 | 25.65 | 39.39 | 65.04 | OK | |
r-devel-linux-x86_64-debian-gcc | 1.0.5 | 20.78 | 30.73 | 51.51 | OK | |
r-devel-linux-x86_64-fedora-clang | 1.0.5 | 101.92 | NOTE | |||
r-devel-linux-x86_64-fedora-gcc | 1.0.5 | 81.96 | NOTE | |||
r-patched-linux-x86_64 | 1.0.5 | 19.61 | 38.55 | 58.16 | OK | |
r-release-linux-x86_64 | 1.0.5 | 18.66 | 39.71 | 58.37 | OK | |
r-release-macos-arm64 | 1.0.5 | 27.00 | OK | |||
r-release-macos-x86_64 | 1.0.5 | 39.00 | OK | |||
r-release-windows-x86_64 | 1.0.5 | 93.00 | 93.00 | 186.00 | OK | |
r-oldrel-macos-arm64 | 1.0.5 | 44.00 | OK | |||
r-oldrel-macos-x86_64 | 1.0.5 | 55.00 | OK | |||
r-oldrel-windows-ix86+x86_64 | 1.0.5 | 63.00 | 97.00 | 160.00 | OK |
Version: 1.0.5
Check: compiled code
Result: NOTE
File ‘collUtils/libs/collUtils.so’:
Found no calls to: ‘R_registerRoutines’, ‘R_useDynamicSymbols’
It is good practice to register native routines and to disable symbol
search.
See ‘Writing portable packages’ in the ‘Writing R Extensions’ manual.
Flavors: r-devel-linux-x86_64-fedora-clang, r-devel-linux-x86_64-fedora-gcc