CRAN Package Check Results for Package colorspace

Last updated on 2020-09-20 06:48:15 CEST.

Flavor Version Tinstall Tcheck Ttotal Status Flags
r-devel-linux-x86_64-debian-clang 1.4-1 11.64 91.08 102.72 NOTE
r-devel-linux-x86_64-debian-gcc 1.4-1 10.11 70.45 80.56 NOTE
r-devel-linux-x86_64-fedora-clang 1.4-1 137.04 NOTE
r-devel-linux-x86_64-fedora-gcc 1.4-1 127.00 NOTE
r-devel-windows-ix86+x86_64 1.4-1 30.00 140.00 170.00 OK
r-patched-linux-x86_64 1.4-1 11.68 88.56 100.24 NOTE
r-patched-solaris-x86 1.4-1 165.10 NOTE
r-release-linux-x86_64 1.4-1 10.74 89.05 99.79 NOTE
r-release-macos-x86_64 1.4-1 OK
r-release-windows-ix86+x86_64 1.4-1 28.00 166.00 194.00 OK
r-oldrel-macos-x86_64 1.4-1 OK
r-oldrel-windows-ix86+x86_64 1.4-1 18.00 153.00 171.00 OK

Check Details

Version: 1.4-1
Check: for non-standard things in the check directory
Result: NOTE
    Found the following files/directories:
     'random.txt'
Flavors: r-devel-linux-x86_64-debian-clang, r-devel-linux-x86_64-debian-gcc, r-devel-linux-x86_64-fedora-clang, r-devel-linux-x86_64-fedora-gcc, r-patched-linux-x86_64, r-patched-solaris-x86, r-release-linux-x86_64