CRAN Package Check Results for Package comato

Last updated on 2022-06-26 06:50:34 CEST.

Flavor Version Tinstall Tcheck Ttotal Status Flags
r-devel-linux-x86_64-debian-clang 1.1 11.45 89.17 100.62 OK
r-devel-linux-x86_64-debian-gcc 1.1 7.92 67.69 75.61 OK
r-devel-linux-x86_64-fedora-clang 1.1 136.84 WARN
r-devel-linux-x86_64-fedora-gcc 1.1 128.97 WARN
r-devel-windows-x86_64 1.1 26.00 118.00 144.00 OK
r-patched-linux-x86_64 1.1 8.39 84.44 92.83 OK
r-release-linux-x86_64 1.1 10.65 86.13 96.78 OK
r-release-macos-arm64 1.1 40.00 OK
r-release-macos-x86_64 1.1 58.00 OK
r-release-windows-x86_64 1.1 29.00 114.00 143.00 OK
r-oldrel-macos-arm64 1.1 49.00 OK
r-oldrel-macos-x86_64 1.1 72.00 OK
r-oldrel-windows-ix86+x86_64 1.1 22.00 111.00 133.00 OK

Check Details

Version: 1.1
Check: package dependencies
Result: WARN
    Requires (indirectly) orphaned package: ‘gtools’
Flavors: r-devel-linux-x86_64-fedora-clang, r-devel-linux-x86_64-fedora-gcc