CRAN Package Check Results for Package combinat

Last updated on 2020-09-18 06:49:17 CEST.

Flavor Version Tinstall Tcheck Ttotal Status Flags
r-devel-linux-x86_64-debian-clang 0.0-8 2.05 19.06 21.11 NOTE
r-devel-linux-x86_64-debian-gcc 0.0-8 1.78 15.26 17.04 NOTE
r-devel-linux-x86_64-fedora-clang 0.0-8 36.07 NOTE
r-devel-linux-x86_64-fedora-gcc 0.0-8 26.64 NOTE
r-devel-windows-ix86+x86_64 0.0-8 5.00 35.00 40.00 NOTE
r-patched-linux-x86_64 0.0-8 1.79 19.12 20.91 NOTE
r-patched-solaris-x86 0.0-8 39.70 NOTE
r-release-linux-x86_64 0.0-8 2.14 19.38 21.52 NOTE
r-release-macos-x86_64 0.0-8 NOTE
r-release-windows-ix86+x86_64 0.0-8 5.00 30.00 35.00 NOTE
r-oldrel-macos-x86_64 0.0-8 NOTE
r-oldrel-windows-ix86+x86_64 0.0-8 4.00 37.00 41.00 NOTE

Check Details

Version: 0.0-8
Check: DESCRIPTION meta-information
Result: NOTE
    Malformed Description field: should contain one or more complete sentences.
Flavors: r-devel-linux-x86_64-debian-clang, r-devel-linux-x86_64-debian-gcc, r-devel-linux-x86_64-fedora-clang, r-devel-linux-x86_64-fedora-gcc, r-devel-windows-ix86+x86_64, r-patched-linux-x86_64, r-patched-solaris-x86, r-release-linux-x86_64, r-release-macos-x86_64, r-release-windows-ix86+x86_64, r-oldrel-macos-x86_64, r-oldrel-windows-ix86+x86_64