Last updated on 2023-04-01 07:10:35 CEST.
Flavor | Version | Tinstall | Tcheck | Ttotal | Status | Flags |
---|---|---|---|---|---|---|
r-devel-linux-x86_64-debian-clang | 0.2.3 | 8.88 | 83.93 | 92.81 | OK | |
r-devel-linux-x86_64-debian-gcc | 0.2.3 | 6.49 | 62.02 | 68.51 | OK | |
r-devel-linux-x86_64-fedora-clang | 0.2.3 | 109.48 | NOTE | |||
r-devel-linux-x86_64-fedora-gcc | 0.2.3 | 118.01 | NOTE | |||
r-devel-windows-x86_64 | 0.2.3 | 31.00 | 118.00 | 149.00 | OK | |
r-patched-linux-x86_64 | 0.2.3 | 5.19 | 77.56 | 82.75 | OK | |
r-release-linux-x86_64 | 0.2.3 | 5.01 | 80.68 | 85.69 | OK | |
r-release-macos-arm64 | 0.2.3 | 38.00 | NOTE | |||
r-release-macos-x86_64 | 0.2.3 | 76.00 | NOTE | |||
r-release-windows-x86_64 | 0.2.3 | 32.00 | 130.00 | 162.00 | OK | |
r-oldrel-macos-arm64 | 0.2.3 | 54.00 | NOTE | |||
r-oldrel-macos-x86_64 | 0.2.3 | 51.00 | NOTE | |||
r-oldrel-windows-ix86+x86_64 | 0.2.3 | 19.00 | 113.00 | 132.00 | OK |
Version: 0.2.3
Check: dependencies in R code
Result: NOTE
Namespace in Imports field not imported from: ‘devtools’
All declared Imports should be used.
Flavors: r-devel-linux-x86_64-fedora-clang, r-devel-linux-x86_64-fedora-gcc, r-release-macos-arm64, r-release-macos-x86_64, r-oldrel-macos-arm64, r-oldrel-macos-x86_64