CRAN Package Check Results for Package cometExactTest

Last updated on 2022-01-20 06:49:15 CET.

Flavor Version Tinstall Tcheck Ttotal Status Flags
r-devel-linux-x86_64-debian-clang 0.1.5 NOTE
r-devel-linux-x86_64-debian-gcc 0.1.5 3.87 37.63 41.50 NOTE
r-devel-linux-x86_64-fedora-clang 0.1.5 65.55 NOTE
r-devel-linux-x86_64-fedora-gcc 0.1.5 54.21 NOTE
r-devel-windows-x86_64-new-UL 0.1.5 39.00 69.00 108.00 OK
r-devel-windows-x86_64-new-TK 0.1.5 OK
r-patched-linux-x86_64 0.1.5 4.88 46.08 50.96 NOTE
r-release-linux-x86_64 0.1.5 NOTE
r-release-macos-arm64 0.1.5 OK
r-release-macos-x86_64 0.1.5 OK
r-release-windows-ix86+x86_64 0.1.5 17.00 69.00 86.00 OK
r-oldrel-macos-x86_64 0.1.5 OK
r-oldrel-windows-ix86+x86_64 0.1.5 15.00 70.00 85.00 OK

Check Details

Version: 0.1.5
Check: for non-standard things in the check directory
Result: NOTE
    Found the following files/directories:
     'cometExactTest_plot.pdf'
Flavors: r-devel-linux-x86_64-debian-clang, r-devel-linux-x86_64-debian-gcc, r-devel-linux-x86_64-fedora-clang, r-devel-linux-x86_64-fedora-gcc, r-patched-linux-x86_64, r-release-linux-x86_64