CRAN Package Check Results for Package commonsMath

Last updated on 2020-10-20 06:46:42 CEST.

Flavor Version Tinstall Tcheck Ttotal Status Flags
r-devel-linux-x86_64-debian-clang 1.2.5 2.19 99.35 101.54 OK
r-devel-linux-x86_64-debian-gcc 1.2.5 1.84 77.39 79.23 OK
r-devel-linux-x86_64-fedora-clang 1.2.5 114.43 OK
r-devel-linux-x86_64-fedora-gcc 1.2.5 129.78 OK
r-devel-windows-ix86+x86_64 1.2.5 8.00 33.00 41.00 OK
r-patched-linux-x86_64 1.2.5 2.03 99.85 101.88 OK
r-patched-solaris-x86 1.2.5 47.50 NOTE
r-release-linux-x86_64 1.2.5 2.03 98.79 100.82 OK
r-release-macos-x86_64 1.2.5 OK
r-release-windows-ix86+x86_64 1.2.5 7.00 134.00 141.00 OK
r-oldrel-macos-x86_64 1.2.5 OK
r-oldrel-windows-ix86+x86_64 1.2.5 5.00 169.00 174.00 OK

Check Details

Version: 1.2.5
Check: package dependencies
Result: NOTE
    Package suggested but not available for checking: ‘rscala’
Flavor: r-patched-solaris-x86