CRAN Package Check Results for Package compareDF

Last updated on 2021-11-29 06:48:25 CET.

Flavor Version Tinstall Tcheck Ttotal Status Flags
r-devel-linux-x86_64-debian-clang 2.3.2 OK
r-devel-linux-x86_64-debian-gcc 2.3.2 3.07 56.75 59.82 OK
r-devel-linux-x86_64-fedora-clang 2.3.2 103.69 NOTE
r-devel-linux-x86_64-fedora-gcc 2.3.2 118.50 NOTE
r-devel-windows-x86_64-new-UL 2.3.2 12.00 124.00 136.00 OK
r-devel-windows-x86_64-new-TK 2.3.2 NOTE
r-devel-windows-x86_64-old 2.3.2 7.00 116.00 123.00 OK
r-patched-linux-x86_64 2.3.2 4.59 61.62 66.21 OK
r-patched-solaris-x86 2.3.2 115.70 NOTE
r-release-linux-x86_64 2.3.2 4.12 61.44 65.56 OK
r-release-macos-arm64 2.3.2 NOTE
r-release-macos-x86_64 2.3.2 NOTE
r-release-windows-ix86+x86_64 2.3.2 14.00 65.00 79.00 OK
r-oldrel-macos-x86_64 2.3.2 NOTE
r-oldrel-windows-ix86+x86_64 2.3.2 17.00 86.00 103.00 OK

Check Details

Version: 2.3.2
Check: dependencies in R code
Result: NOTE
    Namespace in Imports field not imported from: ‘magrittr’
     All declared Imports should be used.
Flavors: r-devel-linux-x86_64-fedora-clang, r-devel-linux-x86_64-fedora-gcc, r-devel-windows-x86_64-new-TK, r-patched-solaris-x86, r-release-macos-arm64, r-release-macos-x86_64, r-oldrel-macos-x86_64