CRAN Package Check Results for Package comradesOO

Last updated on 2024-04-24 06:19:10 CEST.

Flavor Version Tinstall Tcheck Ttotal Status Flags
r-devel-linux-x86_64-debian-clang 0.1.1 37.64 597.43 635.07 OK
r-devel-linux-x86_64-debian-gcc 0.1.1 32.69 426.43 459.12 OK
r-devel-linux-x86_64-fedora-clang 0.1.1 825.54 OK
r-devel-linux-x86_64-fedora-gcc 0.1.1 808.80 OK
r-prerel-macos-arm64 0.1.1 218.00 OK
r-prerel-macos-x86_64 0.1.1 382.00 OK
r-prerel-windows-x86_64 0.1.1 33.00 544.00 577.00 OK
r-patched-linux-x86_64 0.1.1 24.55 553.27 577.82 OK
r-release-linux-x86_64 0.1.1 24.79 582.89 607.68 OK
r-release-macos-arm64 0.1.1 10.00 ERROR
r-release-macos-x86_64 0.1.1 6.00 ERROR
r-release-windows-x86_64 0.1.1 44.00 696.00 740.00 OK
r-oldrel-macos-arm64 0.1.1 10.00 ERROR
r-oldrel-windows-x86_64 0.1.1 44.00 676.00 720.00 OK

Check Details

Version: 0.1.1
Check: package dependencies
Result: ERROR Package required but not available: ‘R4RNA’ See section ‘The DESCRIPTION file’ in the ‘Writing R Extensions’ manual. Flavors: r-release-macos-arm64, r-release-macos-x86_64, r-oldrel-macos-arm64