CRAN Package Check Results for Package conStruct

Last updated on 2025-01-22 07:50:20 CET.

Flavor Version Tinstall Tcheck Ttotal Status Flags
r-devel-linux-x86_64-debian-clang 1.0.6 432.78 173.42 606.20 OK
r-devel-linux-x86_64-debian-gcc 1.0.6 417.47 161.42 578.89 OK
r-devel-linux-x86_64-fedora-clang 1.0.6 998.22 OK
r-devel-linux-x86_64-fedora-gcc 1.0.6 1420.88 OK
r-devel-windows-x86_64 1.0.6 434.00 227.00 661.00 OK
r-patched-linux-x86_64 1.0.6 555.96 216.76 772.72 NOTE
r-release-linux-x86_64 1.0.6 563.56 214.91 778.47 NOTE
r-release-macos-arm64 1.0.6 242.00 NOTE
r-release-macos-x86_64 1.0.6 256.00 NOTE
r-release-windows-x86_64 1.0.6 420.00 219.00 639.00 NOTE
r-oldrel-macos-arm64 1.0.6 231.00 NOTE
r-oldrel-macos-x86_64 1.0.6 290.00 NOTE
r-oldrel-windows-x86_64 1.0.6 582.00 264.00 846.00 NOTE

Check Details

Version: 1.0.6
Check: for GNU extensions in Makefiles
Result: NOTE GNU make is a SystemRequirements. Flavors: r-patched-linux-x86_64, r-release-linux-x86_64, r-release-macos-arm64, r-release-macos-x86_64, r-release-windows-x86_64, r-oldrel-macos-arm64, r-oldrel-macos-x86_64, r-oldrel-windows-x86_64

Version: 1.0.6
Check: installed package size
Result: NOTE installed size is 100.8Mb sub-directories of 1Mb or more: libs 99.6Mb Flavors: r-release-macos-arm64, r-release-macos-x86_64, r-release-windows-x86_64, r-oldrel-macos-arm64, r-oldrel-macos-x86_64, r-oldrel-windows-x86_64