CRAN Package Check Results for Package concom

Last updated on 2023-01-28 07:14:51 CET.

Flavor Version Tinstall Tcheck Ttotal Status Flags
r-devel-linux-x86_64-debian-clang 1.0.0 24.17 36.98 61.15 OK
r-devel-linux-x86_64-debian-gcc 1.0.0 18.11 29.72 47.83 NOTE
r-devel-linux-x86_64-fedora-clang 1.0.0 93.15 NOTE
r-devel-linux-x86_64-fedora-gcc 1.0.0 82.66 NOTE
r-devel-windows-x86_64 1.0.0 27.00 81.00 108.00 OK
r-patched-linux-x86_64 1.0.0 20.32 37.89 58.21 OK
r-release-linux-x86_64 1.0.0 22.36 38.29 60.65 OK
r-release-macos-arm64 1.0.0 27.00 OK
r-release-macos-x86_64 1.0.0 38.00 OK
r-release-windows-x86_64 1.0.0 30.00 84.00 114.00 OK
r-oldrel-macos-arm64 1.0.0 28.00 OK
r-oldrel-macos-x86_64 1.0.0 33.00 OK
r-oldrel-windows-ix86+x86_64 1.0.0 63.00 86.00 149.00 OK

Check Details

Version: 1.0.0
Check: C++ specification
Result: NOTE
     Specified C++11: please update to current default of C++17
Flavors: r-devel-linux-x86_64-debian-gcc, r-devel-linux-x86_64-fedora-clang, r-devel-linux-x86_64-fedora-gcc