CRAN Package Check Results for Package concorR

Last updated on 2024-06-13 06:57:57 CEST.

Flavor Version Tinstall Tcheck Ttotal Status Flags
r-devel-linux-x86_64-debian-clang 0.2.1 2.53 26.88 29.41 OK
r-devel-linux-x86_64-debian-gcc 0.2.1 0.36 1.69 2.05 ERROR
r-devel-linux-x86_64-fedora-clang 0.2.1 37.95 OK
r-devel-linux-x86_64-fedora-gcc 0.2.1 36.19 OK
r-devel-windows-x86_64 0.2.1 3.00 44.00 47.00 OK
r-patched-linux-x86_64 0.2.1 1.89 26.66 28.55 OK
r-release-linux-x86_64 0.2.1 2.60 26.89 29.49 OK
r-release-macos-arm64 0.2.1 15.00 OK
r-release-macos-x86_64 0.2.1 23.00 OK
r-release-windows-x86_64 0.2.1 5.00 51.00 56.00 OK
r-oldrel-macos-arm64 0.2.1 18.00 OK
r-oldrel-macos-x86_64 0.2.1 22.00 OK
r-oldrel-windows-x86_64 0.2.1 4.00 46.00 50.00 OK

Check Details

Version: 0.2.1
Check: package dependencies
Result: ERROR Packages required but not available: 'igraph', 'sna' See section ‘The DESCRIPTION file’ in the ‘Writing R Extensions’ manual. Flavor: r-devel-linux-x86_64-debian-gcc