CRAN Package Check Results for Package concurve

Last updated on 2021-11-30 06:49:20 CET.

Flavor Version Tinstall Tcheck Ttotal Status Flags
r-devel-linux-x86_64-debian-clang 2.7.7 13.84 151.89 165.73 NOTE
r-devel-linux-x86_64-debian-gcc 2.7.7 10.73 113.63 124.36 NOTE
r-devel-linux-x86_64-fedora-clang 2.7.7 208.12 NOTE
r-devel-linux-x86_64-fedora-gcc 2.7.7 197.47 NOTE
r-devel-windows-x86_64-new-UL 2.7.7 29.00 200.00 229.00 NOTE
r-devel-windows-x86_64-new-TK 2.7.7 NOTE
r-devel-windows-x86_64-old 2.7.7 22.00 143.00 165.00 NOTE
r-patched-linux-x86_64 2.7.7 13.83 142.65 156.48 NOTE
r-patched-solaris-x86 2.7.7 270.40 NOTE
r-release-linux-x86_64 2.7.7 14.97 143.70 158.67 NOTE
r-release-macos-arm64 2.7.7 NOTE
r-release-macos-x86_64 2.7.7 NOTE
r-release-windows-ix86+x86_64 2.7.7 36.00 179.00 215.00 NOTE
r-oldrel-macos-x86_64 2.7.7 OK
r-oldrel-windows-ix86+x86_64 2.7.7 25.00 137.00 162.00 OK

Check Details

Version: 2.7.7
Check: LazyData
Result: NOTE
     'LazyData' is specified without a 'data' directory
Flavors: r-devel-linux-x86_64-debian-clang, r-devel-linux-x86_64-debian-gcc, r-devel-linux-x86_64-fedora-clang, r-devel-linux-x86_64-fedora-gcc, r-devel-windows-x86_64-new-UL, r-devel-windows-x86_64-new-TK, r-devel-windows-x86_64-old, r-patched-linux-x86_64, r-patched-solaris-x86, r-release-linux-x86_64, r-release-macos-arm64, r-release-macos-x86_64, r-release-windows-ix86+x86_64

Version: 2.7.7
Check: Rd cross-references
Result: NOTE
    Undeclared package ‘rlang’ in Rd xrefs
Flavor: r-devel-linux-x86_64-fedora-clang