CRAN Package Check Results for Package configr

Last updated on 2022-01-20 06:49:16 CET.

Flavor Version Tinstall Tcheck Ttotal Status Flags
r-devel-linux-x86_64-debian-clang 0.3.5 NOTE
r-devel-linux-x86_64-debian-gcc 0.3.5 3.07 42.07 45.14 NOTE
r-devel-linux-x86_64-fedora-clang 0.3.5 69.06 NOTE
r-devel-linux-x86_64-fedora-gcc 0.3.5 59.14 NOTE
r-devel-windows-x86_64-new-UL 0.3.5 40.00 114.00 154.00 NOTE
r-devel-windows-x86_64-new-TK 0.3.5 NOTE
r-patched-linux-x86_64 0.3.5 3.35 52.67 56.02 NOTE
r-release-linux-x86_64 0.3.5 NOTE
r-release-macos-arm64 0.3.5 NOTE
r-release-macos-x86_64 0.3.5 NOTE
r-release-windows-ix86+x86_64 0.3.5 9.00 77.00 86.00 NOTE
r-oldrel-macos-x86_64 0.3.5 OK
r-oldrel-windows-ix86+x86_64 0.3.5 9.00 78.00 87.00 OK

Check Details

Version: 0.3.5
Check: LazyData
Result: NOTE
     'LazyData' is specified without a 'data' directory
Flavors: r-devel-linux-x86_64-debian-clang, r-devel-linux-x86_64-debian-gcc, r-devel-linux-x86_64-fedora-clang, r-devel-linux-x86_64-fedora-gcc, r-devel-windows-x86_64-new-UL, r-devel-windows-x86_64-new-TK, r-patched-linux-x86_64, r-release-linux-x86_64, r-release-macos-arm64, r-release-macos-x86_64, r-release-windows-ix86+x86_64